what is -5002 - 412522?
-421524
In base 2, what is -11101001010011110110 + 1000111?
-11101001010010101111
In base 4, what is 121120133031200 - -1?
121120133031201
In base 11, what is -21990 + -417?
-222a7
In base 10, what is -4738 - 4575?
-9313
In base 11, what is -72657 + 2?
-72655
In base 8, what is -4 - -6716013?
6716007
In base 2, what is 11101001110 - -1101000010000?
10000101011110
In base 16, what is -2 - 3e3c761?
-3e3c763
In base 14, what is -1 + 16dd0a3?
16dd0a2
In base 7, what is 5 - -240510556?
240510564
In base 10, what is -5254 + -1597?
-6851
In base 12, what is -9644632 + -2?
-9644634
In base 2, what is 1000000100011100111 - 11000000?
1000000100000100111
In base 15, what is -46b2 - 106a?
-572c
In base 10, what is 181900 + 0?
181900
In base 15, what is 34c9c9 - 4?
34c9c5
In base 9, what is 5 + 130421312?
130421317
In base 11, what is 31 - -474132?
474163
In base 7, what is 15163 + -23?
15140
In base 14, what is 2 - -2c4375a4?
2c4375a6
In base 8, what is 704 + -741526?
-740622
In base 11, what is 3aa5 + -1036?
2a6a
In base 15, what is 9a - 6e6ae?
-6e614
In base 7, what is 4 + 3322046324?
3322046331
In base 14, what is -35 + -81175?
-811aa
In base 16, what is -9 + -143d3af?
-143d3b8
In base 5, what is 10 - 4023234122?
-4023234112
In base 15, what is -10 + -173d?
-174d
In base 6, what is -3 - 11103105?
-11103112
In base 10, what is 4 + 1609486?
1609490
In base 6, what is -4333020 + -21242?
-4354302
In base 2, what is -1011001111101110100101101010 + -100?
-1011001111101110100101101110
In base 2, what is 1001110010010001 - 1110001111000?
1000000000011001
In base 8, what is -14441 - -133567?
117126
In base 5, what is -4303 - 3044?
-12402
In base 6, what is -122255 + 324124?
201425
In base 4, what is 1123031 - -21112212?
22301303
In base 6, what is 231 - -4122525?
4123200
In base 7, what is -2 - -1326634545?
1326634543
In base 16, what is 13d + 742d?
756a
In base 11, what is 0 - -58533537?
58533537
In base 12, what is -5 + -3288b14?
-3288b19
In base 8, what is -105 + -71406472?
-71406577
In base 10, what is 244462 - 1?
244461
In base 7, what is 225 - 12546223?
-12545665
In base 10, what is 14772 + 311?
15083
In base 5, what is 4121104211 + -334?
4121103322
In base 13, what is -94 + 10bc40?
10bb79
In base 11, what is -12 + -4a3759?
-4a3770
In base 11, what is -1835293 - 12?
-18352a5
In base 13, what is 297 + 82ca1?
83268
In base 8, what is -114 - 7704?
-10020
In base 8, what is -5 - 2273775023?
-2273775030
In base 8, what is 637 + 634202?
635041
In base 6, what is -3242322041 + -5?
-3242322050
In base 4, what is 1132123321000 - 10?
1132123320330
In base 15, what is 512bb + 3ac?
51678
In base 6, what is -2231420 - -3143?
-2224233
In base 7, what is -103542 + -1110?
-104652
In base 2, what is -101 - -110111000100101111111?
110111000100101111010
In base 16, what is 2f66b8 + -1?
2f66b7
In base 2, what is 11110000000001 + 111000?
11110000111001
In base 3, what is -1112102121 + 2002?
-1112100112
In base 3, what is 121000121220 + 20110?
121000212100
In base 13, what is -32c434 - 6?
-32c43a
In base 12, what is -14 - 471a22?
-471a36
In base 13, what is 2 - -126c806?
126c808
In base 10, what is -1 + -161216610?
-161216611
In base 3, what is 1220122011211110 - -11?
1220122011211121
In base 7, what is 421 - -112354?
113105
In base 2, what is -10 - 100000001010111011100?
-100000001010111011110
In base 9, what is -2322 - 130688?
-133121
In base 11, what is 88a727 + -9?
88a719
In base 9, what is -655 - -154252?
153486
In base 13, what is 76 - 1a7954?
-1a78ab
In base 10, what is -326 + -41155?
-41481
In base 3, what is 1100121002220021212 + 2?
1100121002220021221
In base 15, what is -52 - -e50?
ded
In base 4, what is 210133011 + -1231?
210131120
In base 7, what is 1146035434 - 4?
1146035430
In base 3, what is -11112022100112 - -101?
-11112022100011
In base 5, what is 1 + -3002022133?
-3002022132
In base 3, what is -1011220120110112 + 0?
-1011220120110112
In base 15, what is -17bddb + -1bb?
-17c0a7
In base 12, what is 28103995 - a?
28103987
In base 14, what is -28 + 13d961?
13d937
In base 9, what is 3617336 - 30?
3617306
In base 15, what is 1187c + 47b4?
16141
In base 3, what is 111122000021121 + -10?
111122000021111
In base 10, what is 756670 - 18?
756652
In base 12, what is -77161 - -67?
-770b6
In base 2, what is -1001101100111011 - -10?
-1001101100111001
In base 6, what is -1 - 130453254?
-130453255
In base 2, what is -100 + 1011100000000100011011011?
1011100000000100011010111
In base 14, what is c + b8a91c?
b8a92a
In base 12, what is 637 - -11b18?
12553
In base 3, what is -1012000020210011 - 2?
-1012000020210020
In base 2, what is -11011111010000001 - 10100100110001?
-11110011110110010
In base 14, what is 114b9 - -57a?
11a55
In base 4, what is 2 - 20330013310210?
-20330013310202
In base 4, what is -20103232 - 131103?
-20301001
In base 15, what is -3 - -72383c1?
72383bd
In base 7, what is -6632503463 + -5?
-6632503501
In base 15, what is 27a5a006 - -5?
27a5a00b
In base 5, what is 1144 - 14030002?
-14023303
In base 14, what is -55 - -4c7a61?
4c7a0a
In base 10, what is 5 + -12379221?
-12379216
In base 2, what is -111101110000111 - -1000110100?
-111100101010011
In base 7, what is -1 - 1343001?
-1343002
In base 6, what is -13 - -303130054?
303130041
In base 8, what is -204 + 223024?
222620
In base 13, what is -710 - 64b?
-105b
In base 11, what is 8848a - -1071?
89550
In base 3, what is -1110222001 - 102100?
-1111101101
In base 7, what is 35541332 + 13?
35541345
In base 11, what is -12a033 - 182?
-12a205
In base 13, what is 5893 + 4977?
a53a
In base 12, what is -20 + -1a06ab?
-1a070b
In base 10, what is 1184 - 96450?
-95266
In base 3, what is -220120120202101 + 11?
-220120120202020
In base 9, what is -374805 - 14?
-374820
In base 11, what is 81 + 110a14?
110a95
In base 8, what is -2674761163 + 5?
-2674761156
In base 9, what is -85202745 - 4?
-85202750
In base 10, what is 369332 + 0?
369332
In base 14, what is -4926cab - -4?
-4926ca7
In base 12, what is ab2127 - 137?
ab1bb0
In base 10, what is -3270124 - -22?
-3270102
In base 11, what is -22721514 - 2?
-22721516
In base 4, what is -10 - -1003322102012?
1003322102002
In base 15, what is -14d7216 + 2?
-14d7214
In base 14, what is -50 + 335b5a?
335b0a
In base 12, what is b + -135426?
-135417
In base 2, what is 1101011110111011 + 10110101?
1101100001110000
In base 3, what is -20100012001 - -1210002?
-20021101222
In base 6, what is -52025031 + -33?
-52025104
In base 8, what is 10014267 + 1?
10014270
In base 4, what is -30003103333123 - -2?
-30003103333121
In base 6, what is -54543513551 - -4?
-54543513543
In base 8, what is -6150331107 - -2?
-6150331105
In base 13, what is a5 - 70c5a7?
-70c502
In base 16, what is -15a + 165c30?
165ad6
In base 12, what is -1091 - 1b04?
-2b95
In base 8, what is 10702 - -3462?
14364
In base 11, what is 4 - -805864?
805868
In base 13, what is -45a6c + -816?
-46585
In base 5, what is 3001004310 + -10?
3001004300
In base 12, what is -b1b - 116b2?
-12611
In base 7, what is 105163333 - -21?
105163354
In base 11, what is 6781973 - -2?
6781975
In base 3, what is -10200111111 - 11111210?
-10212000021
In base 13, what is 4 - -195a7b?
195a82
In base 13, what is 455bb + 1b40?
4742b
In base 12, what is 1 - 146379?
-146378
In base 7, what is -341 - 1056654?
-1060325
In base 6, what is 1231 + -50424?
-45153
In base 10, what is -528 - 10379?
-10907
In base 14, what is -c11c6 - -145?
-c1081
In base 2, what is -10000010101010 - -11101000110?
-1100101100100
In base 11, what is -10274 + a703?
-671
In base 3, what is -1210 + -10010122201201?
-10010122210111
In base 12, what is 175ba - -a991?
2638b
In base 7, what is -12 - -10256322?
10256310
In base 4, what is 123121212 - -20?
123121232
In base 11, what is 311880 - -130?
311a00
In base 6, what is 5052252123 + 5?
5052252132
In base 14, what is 20 - 1238d?
-1236d
In base 13, what is -368b8a - -18?
-368b72
In base 12, what is -31a1290 - -3?
-31a1289
In base 14, what is -17bd9 - -52b?
-176ac
In base 7, what is -12320 + -2636?
-15256
In base 13, what is 17b746 + 148?
17b891
In base 14, what is -4d - -1406604?
1406595
In base 9, what is 5322283 + 16?
5322310
In base 8, what is -1065766316 - 5?
-1065766323
In base 9, what is -5 - 217265700?
-217265705
In 